e -7344 = -12*h - 1416. Suppose -4*c + 3462 = h. Suppose -6*d - d = -c. What is the units digit of d?
6
Let a = -90 - -91. Let g(r) = 621*r + 2. What is the tens digit of g(a)?
2
Let l(q) = 726*q - 3616. What is the units digit of l(49)?
8
Let i(r) = r**2 + 6*r - 3. Let b be i(-7). Suppose 220 = 4*k - 3*z - 119, -2*k + 162 = -b*z. What is the units digit of k?
7
What is the units digit of -10 - (6230/(-21)*6 + -2)?
2
Let d(g) = 2*g**2 + 11*g + 31. Let y(i) = i - 1. Let h be (1 + 0)*12/(-2). Let f be y(h). What is the tens digit of d(f)?
5
Suppose 1089*z - 1080*z = 509812 - 32992. What is the hundreds digit of z?
9
Let s(l) = 9*l**2 - 175*l + 2429. What is the tens digit of s(75)?
2
Let w = -800 - -2459. What is the units digit of w?
9
Let q(i) = -500*i - 112. Let s be q(-2). Suppose -5*u - 2*d = -2070 + 581, -3*d + s = 3*u. What is the hundreds digit of u?
2
Let p = -296 - 34. Let y = -114 - p. Suppose 5*g = -g + y. What is the tens digit of g?
3
Suppose -33013 = -20*a + 38167. What is the tens digit of a?
5
Let v(p) = 8*p - 17. Let u be v(-16). Let y = u + 276. Let g = 211 - y. What is the units digit of g?
0
Let i = -686 - -687. Suppose -2*q = 3*d - 1997, -4*d - 5 = -i. What is the tens digit of q?
0
Let n = 139 - 139. Suppose -692 = -k - 3*y, n = -k - y + 967 - 273. What is the tens digit of k?
9
Let c(r) = r**3 + 17*r**2 + 14*r - 30. Let x be c(-16). Suppose -q - 2710 = -x*k, 4*k + 3*q + 956 = 6366. What is the units digit of k?
4
Suppose -4*d + s + 10857 = 0, -4*s = -3*d + 2174 + 5972. Suppose -d = -4*o + z - 3*z, -3*o = -5*z - 2042. What is the units digit of o?
9
Suppose -43*l = -65*l + 193094. Suppose 848 = 25*j - l. What is the hundreds digit of j?
3
Let l(y) = -y + 2. Let u(g) = 81*g**3 + 2*g**2 - 8*g + 7. Let c(v) = 5*l(v) - u(v). What is the units digit of c(-2)?
7
Suppose 3*q - q = 16. Suppose -2*v = -q*v. Suppose -5*z + 22 + 3 = f, 2*f - 3*z - 37 = v. What is the tens digit of f?
2
What is the tens digit of 4554 + 11/(-6) + (-5)/(-6)?
5
Suppose -3*d + 5*x = -d + 44, d + 8 = -x. Let r(i) = -i**3 - 117*i**2 + 5*i + 106*i**2 + 0*i - i + 0*i**3 + 10. What is the units digit of r(d)?
6
Let d(g) = -g**3 - 10*g**2 - 9*g + 3. Let b be d(-9). Suppose -b*m - 4*j + 226 = -2*m, -1080 = -5*m + 5*j. What is the hundreds digit of m?
2
Suppose -1004841 + 2712727 = 30*t + 17*t. What is the units digit of t?
8
Suppose 9838 = 5*p + 2*w + 716, 4*w = -3*p + 5490. What is the thousands digit of p?
1
Let l = 53 + -49. Suppose 0 = l*m - 6*m + 236. What is the tens digit of m?
1
Suppose -2910 = -2*n - 16*y + 20*y, 4*n = y + 5799. What is the thousands digit of n?
1
Suppose -3*b + 79 = -x, -2 = -5*b - 17. Let q = x - -49. Let r = q + 115. What is the units digit of r?
6
Let h(f) = 75*f**2 + f + 2. Let o(x) = x. Let l(p) = h(p) + 2*o(p). Suppose -2*d = -0*d - 3*j + 8, 4*d + 10 = 3*j. What is the units digit of l(d)?
4
Suppose -6*m = -739 + 265. Let i = 365 + m. What is the hundreds digit of i?
4
Suppose -1462*f = -1420*f - 269598. What is the units digit of f?
9
Suppose -9 = 3*d, -2*c - 2*d + 3 = -3*d. Let w be c + (-1 + (1 - 1) - 0). What is the units digit of 1 - (w*(-33)/(-3) - -2)?
0
Let k(x) = -49*x + 35. Let b be k(3). Let y = b - -169. What is the units digit of y?
7
Suppose -9*y = -7873 + 1510. Suppose y = 3*v - 301. What is the tens digit of v?
3
Let y = -104 - -108. What is the hundreds digit of 34/((y/(-10))/(976/(-80)))?
0
Suppose 3*p - 106649 = 4*a, 106658 = 3*p - 15*a + 20*a. What is the tens digit of p?
5
Let x be (-800)/3*(4/(-5) - 10). Suppose -x = -4*k + 12. What is the hundreds digit of k?
7
Let g(h) be the second derivative of -h**3 + 0 + 5/2*h**2 - 9*h + 1/12*h**4. What is the units digit of g(8)?
1
Let o(y) = 14*y**2 - y + 3. Let s be o(2). Suppose 0 = -a - 3*v + s, -a + 4*v + 42 = 2*v. Suppose -a = -c + 23. What is the tens digit of c?
7
Suppose 49*w - 21658 + 10984 = 25586. What is the units digit of w?
0
Suppose -28*y + 1370448 = 35*y + 30*y. What is the units digit of y?
6
Let l = -9220 - -50292. What is the hundreds digit of l?
0
Suppose -31*w = -100 - 117. What is the units digit of 142*w + (-8 - -6)?
2
Let s(m) = 6*m**2 - 36*m - 408. What is the units digit of s(37)?
4
Let c be (-3 - (-75)/27) + (-10)/(-45). Suppose -24 = -0*m + 2*m + 2*g, c = 4*g + 16. What is the units digit of 0/2 - (m - 135)?
3
Let w be 24486/49 - ((-5)/(-7) - 1). Let n be (-2 + -3)*8/(-5). Suppose -3*t - w = -n*t. What is the units digit of t?
0
What is the units digit of ((-6256)/204)/((-8)/15354)?
7
Suppose -5*y - 375 - 200 = 0. Let f = y - -119. Suppose 0 = 5*r + f*r - 1863. What is the tens digit of r?
0
Suppose 462 = 3*t - 4539. Suppose 0 = 32*l - 6243 + t. What is the tens digit of l?
4
Let u(n) = -11*n**2 + 3*n + 2. Let i be u(-2). Let y be (-138)/(-16) - i/128. What is the tens digit of (-6)/y*141*-1?
9
Let z = -57 - -60. Suppose 3*i + 9 = 0, -2*b + 33 = -6*b - z*i. What is the tens digit of 149/3 - (-5)/45*b?
4
Suppose 67*g = 65*g + 269*g - 597012. What is the tens digit of g?
3
Suppose -2104 = 3*f - 6955. Suppose -5*a + c + 2026 = 0, 4*a + c - f = -2*c. What is the hundreds digit of a?
4
Let f be (-539)/(-154) + (-10)/(-4). Let d(j) = -200*j**3 + 2*j**2 + j. Let r be d(-1). Suppose r + 93 = f*h. What is the tens digit of h?
4
Let b(c) = -28*c + 6. Let l be b(1). Let i(t) = -t**3 - 22*t**2 - 32*t - 8. What is the units digit of i(l)?
6
Let z(y) = -179*y - 3128. What is the thousands digit of z(-75)?
0
Suppose -2*v - 237138 = 3*g - 8*g, 3*g - 142285 = -v. What is the tens digit of g?
2
Let q(a) be the first derivative of 77*a**2/2 - 15*a - 44. What is the units digit of q(5)?
0
Let p(y) = 6*y + 46. Let a be p(0). Let x = 49 - a. Suppose 0 = x*j - 9, -2*m + 4*j - 206 = -4*m. What is the units digit of m?
7
What is the units digit of 1/(-5)*25220/(-156)*789?
1
Suppose 5758 = 4*b - 930. Let m = b - 839. What is the units digit of m?
3
Suppose 10*t - 6991 + 971 = 0. Let j = t - 370. What is the tens digit of j?
3
Let n = 946 + -1175. Let o = 522 + n. What is the units digit of o?
3
Let z be (-297)/18*(-5574)/9. Suppose -28*w + z = -701. What is the hundreds digit of w?
3
Suppose p = 3*w + 6, 2*w = 3*p + 7*w - 74. Let z be (-134)/(-3)*(-27)/p. What is the tens digit of -3 + (z/(-2) - 6/(-12))?
3
Let o(t) = -t**3 + 102*t**2 + 108*t + 230. What is the hundreds digit of o(95)?
6
Suppose -8*b - z = -3*b - 16, -3*z - 28 = -4*b. Let k be (b/(-6))/((-2)/(-12)*4). Let g(a) = -42*a. What is the tens digit of g(k)?
4
Let q(r) = -12*r**2 + 5*r + 1. Let l be q(-2). Let i = 71 - l. Suppose 16*w - i = 12*w. What is the tens digit of w?
3
Let t(w) = 9*w - w - 17 + 0*w + w**2. What is the units digit of t(-12)?
1
Let x(c) = c**3 + 76*c**2 - 546*c - 203. What is the thousands digit of x(-79)?
4
Suppose -b + 120286 = 2*y, -5*y - 3320*b + 300670 = -3325*b. What is the tens digit of y?
4
Let v = -1669 + 2841. Let q = v + -555. What is the tens digit of q?
1
Let g = 47 - 31. Let w = g - 15. Suppose -t - 7*o + 2*o + 100 = 0, o = -w. What is the tens digit of t?
0
Let z(l) = -l + 27. Let c be z(8). Let r = c + -8. Suppose 149 = 4*o - r. What is the units digit of o?
0
Suppose 2715640 = -2166*b + 2206*b. What is the thousands digit of b?
7
Suppose -88*s + 852036 = 159652. What is the thousands digit of s?
7
Let y = 62235 + -42573. What is the thousands digit of y?
9
Let f(j) = -4*j - 101. Let o be f(0). What is the hundreds digit of o*(0 + -3 + 0)?
3
Let x be 12/8 - (28/8)/(-7). Suppose -5*c = 5*i - x*c - 3475, 3*c = 4*i - 2807. What is the units digit of i?
8
Suppose 5*n = 2*h - 37189, -26*n = -22*n - 4. What is the hundreds digit of h?
5
Let x(n) = 86*n**3 + 13*n**2 - 5*n + 17. What is the tens digit of x(5)?
6
Let f(a) = 377*a**2 + 2*a + 2. Let q be f(-1). Let c = -265 + q. Suppose 5*b + 0*k = 2*k + 146, 0 = -4*b + 4*k + c. What is the tens digit of b?
3
Let l(q) = 16*q - 41. Let f be l(7). Suppose -f = 20*h - 21*h. Suppose 2*y + 328 - h = 5*t, 175 = 3*t + 4*y. What is the tens digit of t?
5
Let w(q) = q**3 + 105*q**2 + 136*q + 245. What is the thousands digit of w(-103)?
7
Suppose -14712 = 6*p + 2*p. Let c = 3379 + p. What is the thousands digit of c?
1
Suppose s - a = 22, -4*s + 3*s = a - 26. Suppose 0 = -f + s + 297. What is the units digit of f?
1
Let r be 8/52 - 5